t common divisor of 73926 and 3626.
74
Calculate the greatest common factor of 12650 and 33902.
506
What is the highest common factor of 21809 and 4632?
193
What is the highest common factor of 5805 and 23139?
27
What is the highest common factor of 10 and 15005?
5
Calculate the greatest common divisor of 2 and 5775.
1
Calculate the highest common divisor of 8 and 7847144.
8
Calculate the highest common factor of 414 and 8326.
46
What is the highest common divisor of 20424 and 448224?
552
What is the greatest common factor of 294 and 472801?
49
What is the highest common divisor of 115 and 26110?
5
Calculate the greatest common factor of 122682 and 46.
46
Calculate the greatest common factor of 31752 and 11844.
252
Calculate the greatest common factor of 88240 and 8.
8
Calculate the highest common factor of 116325 and 30375.
225
Calculate the highest common factor of 1176659 and 1353.
451
Calculate the highest common factor of 159 and 354464.
53
Calculate the greatest common divisor of 66852 and 48.
12
Calculate the greatest common divisor of 186267 and 87.
87
Calculate the highest common factor of 156 and 3198117.
39
Calculate the highest common divisor of 24 and 350936.
8
Calculate the highest common divisor of 15 and 427260.
15
What is the greatest common factor of 153 and 51306?
51
What is the highest common divisor of 7906 and 536?
134
Calculate the highest common divisor of 1726 and 778.
2
What is the greatest common factor of 429 and 91962?
39
Calculate the greatest common factor of 5196 and 156.
12
Calculate the greatest common factor of 9632 and 5376.
224
What is the highest common divisor of 1400 and 448?
56
What is the greatest common divisor of 1972 and 158440?
68
Calculate the greatest common divisor of 5110 and 1270.
10
What is the greatest common factor of 748 and 4664902?
374
What is the greatest common factor of 150615 and 45?
45
Calculate the greatest common divisor of 6695 and 58955.
65
What is the greatest common divisor of 48816 and 4752?
432
What is the highest common factor of 1544 and 11387?
193
Calculate the greatest common factor of 154925 and 15.
5
Calculate the highest common divisor of 1716004 and 152.
76
What is the highest common factor of 1262513 and 2905?
581
What is the highest common divisor of 1870 and 590?
10
What is the highest common factor of 22739 and 57?
1
Calculate the highest common factor of 97 and 12416.
97
What is the highest common divisor of 2076753 and 42?
21
Calculate the highest common divisor of 4029 and 187.
17
What is the highest common factor of 1624 and 382326?
14
Calculate the highest common divisor of 588 and 2814.
42
Calculate the highest common factor of 12 and 1578348.
12
What is the greatest common factor of 802900 and 30?
10
What is the highest common factor of 21873 and 391?
23
Calculate the highest common divisor of 30 and 7395.
15
What is the greatest common divisor of 480 and 9681440?
160
What is the greatest common factor of 56 and 16338?
14
What is the greatest common divisor of 7874979 and 938?
469
What is the greatest common factor of 12561 and 795?
159
Calculate the greatest common factor of 52965 and 66.
33
Calculate the greatest common factor of 350 and 9184.
14
Calculate the highest common divisor of 73541 and 39.
13
Calculate the greatest common factor of 241574 and 106.
106
Calculate the highest common divisor of 418992 and 86.
86
Calculate the greatest common divisor of 22867 and 524182.
1759
Calculate the greatest common factor of 83556 and 5652.
36
What is the highest common divisor of 350 and 332?
2
What is the greatest common factor of 3133 and 11327?
241
What is the greatest common factor of 372376 and 4272?
712
What is the highest common divisor of 178 and 754?
2
What is the highest common divisor of 2492 and 152724?
356
Calculate the greatest common factor of 38210 and 30.
10
What is the highest common divisor of 710 and 354716?
142
Calculate the highest common factor of 16 and 297488.
16
Calculate the highest common factor of 457305 and 645.
645
What is the highest common factor of 2898 and 427294?
322
What is the greatest common divisor of 4524 and 29696?
116
Calculate the highest common divisor of 837 and 29511.
27
Calculate the highest common divisor of 28798 and 210.
14
Calculate the greatest common factor of 2497 and 77861.
227
What is the greatest common factor of 480 and 81600?
480
Calculate the greatest common factor of 3533478 and 267.
267
What is the highest common divisor of 5539 and 76591?
191
What is the highest common divisor of 18901 and 2788?
41
Calculate the highest common divisor of 2754 and 2176.
34
What is the greatest common factor of 1063092 and 24?
12
Calculate the highest common divisor of 25810 and 7801.
29
What is the highest common divisor of 10103616 and 162?
162
Calculate the greatest common divisor of 18749 and 1.
1
Calculate the highest common divisor of 206 and 480186.
206
What is the highest common divisor of 2387 and 26939?
341
Calculate the greatest common divisor of 230 and 160586.
46
What is the highest common factor of 37 and 3987157?
37
What is the highest common divisor of 21 and 2274153?
21
What is the greatest common divisor of 185 and 87209?
37
Calculate the greatest common factor of 411 and 52745.
137
What is the highest common factor of 334036 and 976?
244
Calculate the greatest common divisor of 25410 and 4323.
33
What is the highest common divisor of 28160 and 715?
55
What is the greatest common factor of 525 and 203?
7
Calculate the highest common divisor of 15 and 142495.
5
Calculate the greatest common divisor of 387904 and 29.
29
Calculate the greatest common divisor of 152 and 3553.
19
What is the highest common divisor of 4 and 55532?
4
What is the greatest common divisor of 10505444 and 2084?
2084
What is the highest common factor of 1836 and 246996?
108
Calculate the greatest common factor of 19452 and 828.
12
What is the highest common factor of 676 and 101738?
338
What is the greatest common factor of 5646102 and 462?
462
What is the greatest common factor of 990 and 252120?
330
Calculate the greatest common factor of 10195571 and 19.
19
Calculate the highest common factor of 396 and 3014.
22
Calculate the highest common factor of 90 and 1233.
9
Calculate the greatest common factor of 17120 and 320.
160
Calculate the greatest common divisor of 1338547 and 301.
301
What is the highest common factor of 820 and 23220?
20
What is the greatest common divisor of 90 and 149760?
90
Calculate the highest common divisor of 1951065 and 454.
227
Calculate the highest common divisor of 6930 and 46095.
105
Calculate the greatest common divisor of 3786177 and 309.
309
What is the greatest common divisor of 161 and 3404?
23
What is the highest common divisor of 155 and 80693?
31
Calculate the greatest common divisor of 58 and 159587.
29
What is the highest common factor of 57778 and 1232?
14
What is the greatest common divisor of 64 and 225208?
8
Calculate the highest common factor of 156 and 594633.
39
What is the greatest common factor of 264993 and 228?
57
What is the greatest common factor of 961140 and 249?
249
Calculate the greatest common factor of 117765 and 15.
15
What is the highest common divisor of 650760 and 120?
120
What is the greatest common divisor of 780 and 135395?
65
Calculate the highest common factor of 24 and 214908.
12
What is the highest common factor of 3249 and 147649?
361
What is the greatest common divisor of 3601812 and 24?
12
What is the greatest common factor of 104 and 116636?
52
Calculate the greatest common factor of 12357 and 54.
9
Calculate the greatest common factor of 23 and 1453508.
23
What is the highest common divisor of 136 and 1184152?
136
What is the greatest common factor of 581791 and 476?
119
Calculate the highest common divisor of 1497 and 507.
3
Calculate the greatest common divisor of 164952 and 48.
24
What is the greatest common divisor of 45824 and 2506?
358
Calculate the greatest common factor of 325847 and 1959.
653
Calculate the greatest common divisor of 256454 and 22.
22
What is the greatest common divisor of 110 and 62414?
22
What is the highest common divisor of 27 and 603909?
27
What is the highest common divisor of 2457 and 2613?
39
What is the highest